{"id":430,"date":"2016-01-07T13:00:54","date_gmt":"2016-01-07T12:00:54","guid":{"rendered":"http:\/\/consulting.stylemixthemes.com\/demo\/?post_type=stm_careers&#038;p=430"},"modified":"2020-06-19T20:07:21","modified_gmt":"2020-06-19T18:07:21","slug":"recrutement-de-stagiaires","status":"publish","type":"page","link":"https:\/\/www.simorg-computing.fr\/?page_id=430","title":{"rendered":"Offre de stage"},"content":{"rendered":"<p>[vc_row css=\u00a0\u00bb.vc_custom_1452687555475{margin-bottom: 100px !important;}\u00a0\u00bb][vc_column offset=\u00a0\u00bbvc_col-lg-9 vc_col-md-9&Prime;][vc_column_text]<\/p>\n<ul>\n<li><span style=\"font-family: verdana,geneva,sans-serif; font-size: 10pt;\">Un stage de 6 mois pour \u00e9tudiants et \u00e9l\u00e8ves ing\u00e9nieurs niveau master 1 ou 2\u00a0 est ouvert \u00e0 SIMORG Computing.<\/span><\/li>\n<li><span style=\"font-family: verdana,geneva,sans-serif; font-size: 10pt;\">Vous \u00eates int\u00e9ress\u00e9s ?\u00a0 envoyez votre CV et nous vous r\u00e9pondrons dans les plus brefs d\u00e9lais.<\/span><\/li>\n<\/ul>\n<p>[\/vc_column_text][vc_row_inner css=\u00a0\u00bb.vc_custom_1453114022217{margin-bottom: 60px !important;}\u00a0\u00bb][vc_column_inner width=\u00a0\u00bb1\/2&Prime;][vc_column_text css=\u00a0\u00bb.vc_custom_1592506058239{padding-top: 13px !important;padding-right: 40px !important;padding-bottom: 34px !important;padding-left: 40px !important;background-color: #f2f2f2 !important;}\u00a0\u00bb]<\/p>\n<h4 class=\"no_stripe\"><span style=\"font-family: verdana,geneva,sans-serif; font-size: 12pt;\">T\u00e2ches du candidat<\/span><\/h4>\n<ul style=\"color: #222222; font-size: 13px; line-height: 22px;\">\n<li><span style=\"font-family: verdana,geneva,sans-serif;\">Mise en \u0153uvre de simulations num\u00e9riques<\/span><\/li>\n<li><span style=\"font-family: verdana,geneva,sans-serif;\">Programmation en C++ et python<\/span><\/li>\n<\/ul>\n<p>[\/vc_column_text][stm_sidebar sidebar=\u00a0\u00bb311&Prime;][\/vc_column_inner][vc_column_inner width=\u00a0\u00bb1\/2&Prime;][vc_column_text css=\u00a0\u00bb.vc_custom_1592487980976{border-top-width: 3px !important;padding-top: 10px !important;border-top-color: #222222 !important;border-top-style: solid !important;}\u00a0\u00bb]<span style=\"font-family: verdana,geneva,sans-serif; font-size: 10pt;\">Le stage entre dans le cadre d&rsquo;un projet global visant \u00e0 d\u00e9veopper une approche multi\u00e9chelle de la simulation num\u00e9rique de la dissolution \u00e9lectrochimique des aciers inoxydables. Un code de simulation \u00e0 l\u2019\u00e9chelle atomique de la cin\u00e9tique de dissolution utilisant <u>la m\u00e9thode Monte-Carlo<\/u> a ainsi \u00e9t\u00e9 mis au point. Plusieurs campagnes de calcul ont \u00e9t\u00e9 conduites et les r\u00e9sultats montrent clairement que\u00a0: suivant le <u>type d\u2019acier,<\/u> <u>l\u2019acidit\u00e9 du milieu<\/u> et le <u>niveau de polarisation<\/u> \u00e9lectrochimique, diff\u00e9rents m\u00e9canismes de dissolution peuvent \u00eatre identifi\u00e9s<\/span><\/p>\n<p><span style=\"font-family: verdana,geneva,sans-serif; font-size: 10pt;\"><strong>L\u2019objectif du stage<\/strong> est de poursuivre les simulations en conduisant une \u00e9tude comparative approfondie entre plusieurs aciers inoxydables. Il s\u2019agit de :<\/span><\/p>\n<ul>\n<li><span style=\"font-family: verdana,geneva,sans-serif; font-size: 10pt;\">conduire une proc\u00e9dure de validation des simulations sur la base d\u2019un plan d\u2019exp\u00e9rience existant.<\/span><\/li>\n<li><span style=\"font-family: verdana,geneva,sans-serif; font-size: 10pt;\">d\u2019\u00e9tudier l\u2019influence de l\u2019orientation et des d\u00e9fauts cristallographique sur la vitesse moyenne de dissolution des aciers.<\/span><\/li>\n<li><span style=\"font-family: verdana,geneva,sans-serif; font-size: 10pt;\">d\u2019analyser le r\u00f4le des contraintes r\u00e9siduelles sur les cin\u00e9tiques de dissolution, une attention particuli\u00e8re sera port\u00e9e aux syst\u00e8mes biphas\u00e9s (aciers duplex).<\/span><\/li>\n<\/ul>\n<p>[\/vc_column_text][\/vc_column_inner][\/vc_row_inner][stm_vacancy_bottom][\/vc_column][\/vc_row][vc_row full_width=\u00a0\u00bbstretch_row\u00a0\u00bb el_class=\u00a0\u00bbthird_bg_color\u00a0\u00bb css=\u00a0\u00bb.vc_custom_1451889219674{margin-bottom: -60px !important;}\u00a0\u00bb][vc_column][vc_cta h2=\u00a0\u00bbVous recherchez un expert en calcul scientifique dans le domaien des mat\u00e9riaux ?\u00a0\u00bb h2_font_container=\u00a0\u00bbfont_size:20px|color:%23000000|line_height:24px\u00a0\u00bb h2_use_theme_fonts=\u00a0\u00bbyes\u00a0\u00bb shape=\u00a0\u00bbsquare\u00a0\u00bb style=\u00a0\u00bbflat\u00a0\u00bb add_button=\u00a0\u00bbright\u00a0\u00bb btn_title=\u00a0\u00bbget a quote\u00a0\u00bb btn_style=\u00a0\u00bbflat\u00a0\u00bb btn_color=\u00a0\u00bbtheme_style_2&Prime; btn_align=\u00a0\u00bbright\u00a0\u00bb btn_i_align=\u00a0\u00bbright\u00a0\u00bb btn_i_icon_fontawesome=\u00a0\u00bbfa fa-chevron-right\u00a0\u00bb btn_add_icon=\u00a0\u00bbtrue\u00a0\u00bb btn_button_block=\u00a0\u00bbtrue\u00a0\u00bb el_class=\u00a0\u00bbthird_bg_color\u00a0\u00bb css=\u00a0\u00bb.vc_custom_1474743082229{margin-bottom: 0px !important;}\u00a0\u00bb use_custom_fonts_h2=\u00a0\u00bbtrue\u00a0\u00bb][\/vc_cta][\/vc_column][\/vc_row]<\/p>\n","protected":false},"excerpt":{"rendered":"<p>[vc_row css=\u00a0\u00bb.vc_custom_1452687555475{margin-bottom: 100px !important;}\u00a0\u00bb][vc_column offset=\u00a0\u00bbvc_col-lg-9 vc_col-md-9&Prime;][vc_column_text] Un stage de 6 mois pour \u00e9tudiants et \u00e9l\u00e8ves ing\u00e9nieurs niveau master 1 ou 2\u00a0 est ouvert \u00e0 SIMORG Computing. Vous \u00eates int\u00e9ress\u00e9s ?\u00a0 envoyez votre CV et nous vous r\u00e9pondrons dans les plus brefs d\u00e9lais. [\/vc_column_text][vc_row_inner css=\u00a0\u00bb.vc_custom_1453114022217{margin-bottom: 60px !important;}\u00a0\u00bb][vc_column_inner width=\u00a0\u00bb1\/2&Prime;][vc_column_text css=\u00a0\u00bb.vc_custom_1592506058239{padding-top: 13px !important;padding-right: 40px !important;padding-bottom: 34px !important;padding-left: 40px<\/p>\n","protected":false},"author":1,"featured_media":0,"parent":0,"menu_order":0,"comment_status":"closed","ping_status":"closed","template":"","meta":{"footnotes":""},"class_list":["post-430","page","type-page","status-publish","hentry"],"yoast_head":"<!-- This site is optimized with the Yoast SEO plugin v27.1.1 - https:\/\/yoast.com\/product\/yoast-seo-wordpress\/ -->\n<title>Offre de stage - SIMORG Computing<\/title>\n<meta name=\"robots\" content=\"index, follow, max-snippet:-1, max-image-preview:large, max-video-preview:-1\" \/>\n<link rel=\"canonical\" href=\"https:\/\/www.simorg-computing.fr\/?page_id=430\" \/>\n<meta property=\"og:locale\" content=\"fr_FR\" \/>\n<meta property=\"og:type\" content=\"article\" \/>\n<meta property=\"og:title\" content=\"Offre de stage - SIMORG Computing\" \/>\n<meta property=\"og:description\" content=\"[vc_row css=\u00a0\u00bb.vc_custom_1452687555475{margin-bottom: 100px !important;}\u00a0\u00bb][vc_column offset=\u00a0\u00bbvc_col-lg-9 vc_col-md-9&Prime;][vc_column_text] Un stage de 6 mois pour \u00e9tudiants et \u00e9l\u00e8ves ing\u00e9nieurs niveau master 1 ou 2\u00a0 est ouvert \u00e0 SIMORG Computing. Vous \u00eates int\u00e9ress\u00e9s ?\u00a0 envoyez votre CV et nous vous r\u00e9pondrons dans les plus brefs d\u00e9lais. [\/vc_column_text][vc_row_inner css=\u00a0\u00bb.vc_custom_1453114022217{margin-bottom: 60px !important;}\u00a0\u00bb][vc_column_inner width=\u00a0\u00bb1\/2&Prime;][vc_column_text css=\u00a0\u00bb.vc_custom_1592506058239{padding-top: 13px !important;padding-right: 40px !important;padding-bottom: 34px !important;padding-left: 40px\" \/>\n<meta property=\"og:url\" content=\"https:\/\/www.simorg-computing.fr\/?page_id=430\" \/>\n<meta property=\"og:site_name\" content=\"SIMORG Computing\" \/>\n<meta property=\"article:modified_time\" content=\"2020-06-19T18:07:21+00:00\" \/>\n<meta name=\"twitter:card\" content=\"summary_large_image\" \/>\n<meta name=\"twitter:label1\" content=\"Dur\u00e9e de lecture estim\u00e9e\" \/>\n\t<meta name=\"twitter:data1\" content=\"2 minutes\" \/>\n<script type=\"application\/ld+json\" class=\"yoast-schema-graph\">{\"@context\":\"https:\/\/schema.org\",\"@graph\":[{\"@type\":\"WebPage\",\"@id\":\"https:\/\/www.simorg-computing.fr\/?page_id=430\",\"url\":\"https:\/\/www.simorg-computing.fr\/?page_id=430\",\"name\":\"Offre de stage - SIMORG Computing\",\"isPartOf\":{\"@id\":\"https:\/\/www.simorg-computing.fr\/#website\"},\"datePublished\":\"2016-01-07T12:00:54+00:00\",\"dateModified\":\"2020-06-19T18:07:21+00:00\",\"breadcrumb\":{\"@id\":\"https:\/\/www.simorg-computing.fr\/?page_id=430#breadcrumb\"},\"inLanguage\":\"fr-FR\",\"potentialAction\":[{\"@type\":\"ReadAction\",\"target\":[\"https:\/\/www.simorg-computing.fr\/?page_id=430\"]}]},{\"@type\":\"BreadcrumbList\",\"@id\":\"https:\/\/www.simorg-computing.fr\/?page_id=430#breadcrumb\",\"itemListElement\":[{\"@type\":\"ListItem\",\"position\":1,\"name\":\"Accueil\",\"item\":\"https:\/\/www.simorg-computing.fr\/\"},{\"@type\":\"ListItem\",\"position\":2,\"name\":\"Offre de stage\"}]},{\"@type\":\"WebSite\",\"@id\":\"https:\/\/www.simorg-computing.fr\/#website\",\"url\":\"https:\/\/www.simorg-computing.fr\/\",\"name\":\"SIMORG Computing\",\"description\":\"Voir au-del\u00e0 de l&#039;horizon\",\"potentialAction\":[{\"@type\":\"SearchAction\",\"target\":{\"@type\":\"EntryPoint\",\"urlTemplate\":\"https:\/\/www.simorg-computing.fr\/?s={search_term_string}\"},\"query-input\":{\"@type\":\"PropertyValueSpecification\",\"valueRequired\":true,\"valueName\":\"search_term_string\"}}],\"inLanguage\":\"fr-FR\"}]}<\/script>\n<!-- \/ Yoast SEO plugin. -->","yoast_head_json":{"title":"Offre de stage - SIMORG Computing","robots":{"index":"index","follow":"follow","max-snippet":"max-snippet:-1","max-image-preview":"max-image-preview:large","max-video-preview":"max-video-preview:-1"},"canonical":"https:\/\/www.simorg-computing.fr\/?page_id=430","og_locale":"fr_FR","og_type":"article","og_title":"Offre de stage - SIMORG Computing","og_description":"[vc_row css=\u00a0\u00bb.vc_custom_1452687555475{margin-bottom: 100px !important;}\u00a0\u00bb][vc_column offset=\u00a0\u00bbvc_col-lg-9 vc_col-md-9&Prime;][vc_column_text] Un stage de 6 mois pour \u00e9tudiants et \u00e9l\u00e8ves ing\u00e9nieurs niveau master 1 ou 2\u00a0 est ouvert \u00e0 SIMORG Computing. Vous \u00eates int\u00e9ress\u00e9s ?\u00a0 envoyez votre CV et nous vous r\u00e9pondrons dans les plus brefs d\u00e9lais. [\/vc_column_text][vc_row_inner css=\u00a0\u00bb.vc_custom_1453114022217{margin-bottom: 60px !important;}\u00a0\u00bb][vc_column_inner width=\u00a0\u00bb1\/2&Prime;][vc_column_text css=\u00a0\u00bb.vc_custom_1592506058239{padding-top: 13px !important;padding-right: 40px !important;padding-bottom: 34px !important;padding-left: 40px","og_url":"https:\/\/www.simorg-computing.fr\/?page_id=430","og_site_name":"SIMORG Computing","article_modified_time":"2020-06-19T18:07:21+00:00","twitter_card":"summary_large_image","twitter_misc":{"Dur\u00e9e de lecture estim\u00e9e":"2 minutes"},"schema":{"@context":"https:\/\/schema.org","@graph":[{"@type":"WebPage","@id":"https:\/\/www.simorg-computing.fr\/?page_id=430","url":"https:\/\/www.simorg-computing.fr\/?page_id=430","name":"Offre de stage - SIMORG Computing","isPartOf":{"@id":"https:\/\/www.simorg-computing.fr\/#website"},"datePublished":"2016-01-07T12:00:54+00:00","dateModified":"2020-06-19T18:07:21+00:00","breadcrumb":{"@id":"https:\/\/www.simorg-computing.fr\/?page_id=430#breadcrumb"},"inLanguage":"fr-FR","potentialAction":[{"@type":"ReadAction","target":["https:\/\/www.simorg-computing.fr\/?page_id=430"]}]},{"@type":"BreadcrumbList","@id":"https:\/\/www.simorg-computing.fr\/?page_id=430#breadcrumb","itemListElement":[{"@type":"ListItem","position":1,"name":"Accueil","item":"https:\/\/www.simorg-computing.fr\/"},{"@type":"ListItem","position":2,"name":"Offre de stage"}]},{"@type":"WebSite","@id":"https:\/\/www.simorg-computing.fr\/#website","url":"https:\/\/www.simorg-computing.fr\/","name":"SIMORG Computing","description":"Voir au-del\u00e0 de l&#039;horizon","potentialAction":[{"@type":"SearchAction","target":{"@type":"EntryPoint","urlTemplate":"https:\/\/www.simorg-computing.fr\/?s={search_term_string}"},"query-input":{"@type":"PropertyValueSpecification","valueRequired":true,"valueName":"search_term_string"}}],"inLanguage":"fr-FR"}]}},"_links":{"self":[{"href":"https:\/\/www.simorg-computing.fr\/index.php?rest_route=\/wp\/v2\/pages\/430","targetHints":{"allow":["GET"]}}],"collection":[{"href":"https:\/\/www.simorg-computing.fr\/index.php?rest_route=\/wp\/v2\/pages"}],"about":[{"href":"https:\/\/www.simorg-computing.fr\/index.php?rest_route=\/wp\/v2\/types\/page"}],"author":[{"embeddable":true,"href":"https:\/\/www.simorg-computing.fr\/index.php?rest_route=\/wp\/v2\/users\/1"}],"replies":[{"embeddable":true,"href":"https:\/\/www.simorg-computing.fr\/index.php?rest_route=%2Fwp%2Fv2%2Fcomments&post=430"}],"version-history":[{"count":9,"href":"https:\/\/www.simorg-computing.fr\/index.php?rest_route=\/wp\/v2\/pages\/430\/revisions"}],"predecessor-version":[{"id":1483,"href":"https:\/\/www.simorg-computing.fr\/index.php?rest_route=\/wp\/v2\/pages\/430\/revisions\/1483"}],"wp:attachment":[{"href":"https:\/\/www.simorg-computing.fr\/index.php?rest_route=%2Fwp%2Fv2%2Fmedia&parent=430"}],"curies":[{"name":"wp","href":"https:\/\/api.w.org\/{rel}","templated":true}]}}