{"id":1491,"date":"2020-06-20T12:36:19","date_gmt":"2020-06-20T10:36:19","guid":{"rendered":"https:\/\/www.simorg-computing.fr\/?p=1491"},"modified":"2020-06-23T22:15:09","modified_gmt":"2020-06-23T20:15:09","slug":"nos-competences","status":"publish","type":"page","link":"https:\/\/www.simorg-computing.fr\/?page_id=1491","title":{"rendered":"Nos comp\u00e9tences"},"content":{"rendered":"<p>[vc_row css=\u00a0\u00bb.vc_custom_1451991003825{margin-bottom: 100px !important;}\u00a0\u00bb][vc_column width=\u00a0\u00bb3\/4&Prime;][vc_column_text css=\u00a0\u00bb.vc_custom_1592326514467{margin-bottom: 52px !important;}\u00a0\u00bb]<\/p>\n<h2><span style=\"font-family: verdana,geneva,sans-serif;\">Comp\u00e9tences<\/span><\/h2>\n<p><span style=\"font-family: verdana,geneva,sans-serif;\"><strong>SIMORG Computing<\/strong> est sp\u00e9cialis\u00e9e dans le calcul scientifique\u00a0dans le domaine des sciences des mat\u00e9riaux.<\/span>[\/vc_column_text][vc_tta_accordion shape=\u00a0\u00bbsquare\u00a0\u00bb c_position=\u00a0\u00bbright\u00a0\u00bb active_section=\u00a0\u00bb1&Prime; css=\u00a0\u00bb.vc_custom_1453467174989{margin-bottom: 60px !important;}\u00a0\u00bb][vc_tta_section title=\u00a0\u00bbQue peut SIMORG Computing ?\u00a0\u00bb tab_id=\u00a0\u00bb1452160548343-003e17f2-760d\u00a0\u00bb][vc_column_text]<\/p>\n<ul>\n<li><span style=\"font-family: verdana,geneva,sans-serif; font-size: 10pt;\">Nous d\u00e9veloppons et mettons en \u0153uvre des codes et des programmes de calcul scientifique.<\/span><\/li>\n<li><span style=\"font-family: verdana,geneva,sans-serif; font-size: 10pt;\">Nous d\u00e9veloppons des mod\u00e8les thermodynamiques, cin\u00e9tiques..<\/span><\/li>\n<li><span style=\"font-family: verdana,geneva,sans-serif; font-size: 10pt;\">Nous assurons la formation, l\u2019encadrement et le suivi de projet R&amp;D.<\/span><\/li>\n<\/ul>\n<p>[\/vc_column_text][\/vc_tta_section][vc_tta_section title=\u00a0\u00bbNous intervenons dans les domaines :\u00a0\u00bb tab_id=\u00a0\u00bb1452160738660-5468e659-6776&Prime;][vc_column_text]<\/p>\n<ul>\n<li><span style=\"font-family: verdana,geneva,sans-serif; font-size: 10pt;\">Corrosion &amp; \u00e9lectrochimie<\/span><\/li>\n<li><span style=\"font-family: verdana,geneva,sans-serif; font-size: 10pt;\">g\u00e9nie des proc\u00e9d\u00e9s<\/span><\/li>\n<li><span style=\"font-family: verdana,geneva,sans-serif; font-size: 10pt;\">Batterie &amp; fuel cells<\/span><\/li>\n<li><span style=\"font-family: verdana,geneva,sans-serif; font-size: 10pt;\">M\u00e9tallurgie physique &amp; \u00e9laboration<\/span><\/li>\n<li><span style=\"font-family: verdana,geneva,sans-serif; font-size: 10pt;\">Machine Learning en sciences des mat\u00e9riaux<\/span><\/li>\n<\/ul>\n<p>[\/vc_column_text][vc_column_text][\/vc_column_text][\/vc_tta_section][vc_tta_section title=\u00a0\u00bbNous ma\u00eetrisons:\u00a0\u00bb tab_id=\u00a0\u00bb1592314576397-814d41b6-879d\u00a0\u00bb][vc_column_text]<span style=\"font-family: verdana,geneva,sans-serif; font-size: 10pt;\"><u><strong>Logiciels scientifiques<\/strong><\/u>:<\/span><\/p>\n<ul>\n<li><span style=\"font-family: verdana,geneva,sans-serif; font-size: 10pt;\"><u>M\u00e9thodes des \u00e9l\u00e9ments finis (FEM)<\/u>: expert en COMSOL multiphysics (une vingtaine d\u2019ann\u00e9es de pratique).<\/span><\/li>\n<li><span style=\"font-family: verdana,geneva,sans-serif; font-size: 10pt;\"><u>Calcul thermodynamique<\/u>: Thermocalc et Factsage, data mining via Material Project &amp; pymatgen .<\/span><\/li>\n<li><span style=\"font-family: verdana,geneva,sans-serif; font-size: 10pt;\"><u>Calcul DFT<\/u>: expert en Vasp, GPAW, Abinit et Quantum Espresso, ma\u00eetrise de Gaussian 09, ADF suite, WIEN2k, CP2K et\u00a0 NWchem.<\/span><\/li>\n<li><span style=\"font-family: verdana,geneva,sans-serif; font-size: 10pt;\"><u>Dynamique mol\u00e9culaire<\/u>: expert en Lammps et ma\u00eetrise de DL_POLY et CPMD.<\/span><\/li>\n<li><span style=\"font-family: verdana,geneva,sans-serif; font-size: 10pt;\"><u>Autres programmes:<\/u> Mathematica, Maple, Matlab, VESTA, Diamond, Blender, Paraview, Visit, Ovito et Cinema 4D.<\/span><\/li>\n<\/ul>\n<p><span style=\"font-family: verdana,geneva,sans-serif; font-size: 10pt;\"><strong><u>Langages, outils et syst\u00e8mes d\u2019exploitation<\/u>:<\/strong><\/span><\/p>\n<ul>\n<li><span style=\"font-family: verdana,geneva,sans-serif; font-size: 10pt;\"><u>LINUX<\/u>: administration syst\u00e8me, r\u00e9seaux; <u>Shell Scripting<\/u>: Bash, Grep, Sed, Awk\u2026<\/span><\/li>\n<li><span style=\"font-family: verdana,geneva,sans-serif; font-size: 10pt;\"><u>Langages<\/u>: C\/C++, PYTHON, FORTRAN, JAVA, R, PERL, notions de TCL\/TK.<\/span><\/li>\n<li><span style=\"font-family: verdana,geneva,sans-serif; font-size: 10pt;\"><u>Ma\u00eetrise des biblioth\u00e8ques<\/u>: Scipy, Numpy, Scikit-learn, <span style=\"font-family: verdana,geneva,sans-serif; font-size: small;\">TensorFlow<\/span>, Pytorch, OPENMPI, <span style=\"font-family: verdana,geneva,sans-serif; font-size: small;\">statsmodels, <\/span>Fenics, ma\u00eetrise de Keras, SymPy, OpenCV, <span style=\"display: inline !important; float: none; background-color: #ffffff; color: #444444; font-family: 'Lucida Grande',Verdana,sans-serif; font-size: 13.33px; font-style: normal; font-variant: normal; font-weight: 400; letter-spacing: normal; orphans: 2; text-align: left; text-decoration: none; text-indent: 0px; text-transform: none; -webkit-text-stroke-width: 0px; white-space: normal; word-spacing: 0px;\">PyCLIPS<span style=\"color: #001000; font-family: verdana,geneva,sans-serif;\">, <span style=\"font: 400 10pt\/140% verdana,geneva,sans-serif; text-align: left; color: #000000; text-transform: none; text-indent: 0px; letter-spacing: normal; text-decoration: none; word-spacing: 0px; display: inline !important; white-space: normal; orphans: 2; font-size-adjust: none; font-stretch: normal; float: none; -webkit-text-stroke-width: 0px; background-color: #ffffff;\">PySpark.<\/span><\/span><\/span><\/span><\/li>\n<li><span style=\"font-family: verdana,geneva,sans-serif; font-size: 10pt;\"><u>Gestionnaire de ressources de calcul<\/u>: Condor, PBS.<\/span><\/li>\n<\/ul>\n<p>[\/vc_column_text][vc_column_text][\/vc_column_text][\/vc_tta_section][\/vc_tta_accordion][\/vc_column][vc_column width=\u00a0\u00bb1\/4&Prime; css=\u00a0\u00bb.vc_custom_1592066672092{background-position: center !important;background-repeat: no-repeat !important;background-size: cover !important;}\u00a0\u00bb][stm_sidebar sidebar=\u00a0\u00bb311&Prime;][\/vc_column][\/vc_row][vc_row full_width=\u00a0\u00bbstretch_row\u00a0\u00bb el_class=\u00a0\u00bbthird_bg_color\u00a0\u00bb css=\u00a0\u00bb.vc_custom_1451889219674{margin-bottom: -60px !important;}\u00a0\u00bb][vc_column][vc_cta h2=\u00a0\u00bbVous \u00eates \u00e0 la recherche d&rsquo;un expert en simulation num\u00e9rique ?\u00a0\u00bb h2_font_container=\u00a0\u00bbfont_size:20px|color:%23000000|line_height:24px\u00a0\u00bb h2_use_theme_fonts=\u00a0\u00bbyes\u00a0\u00bb shape=\u00a0\u00bbsquare\u00a0\u00bb style=\u00a0\u00bbflat\u00a0\u00bb add_button=\u00a0\u00bbright\u00a0\u00bb btn_title=\u00a0\u00bbNous contacter \u00a0\u00bb btn_style=\u00a0\u00bbflat\u00a0\u00bb btn_color=\u00a0\u00bbtheme_style_2&Prime; btn_align=\u00a0\u00bbright\u00a0\u00bb btn_i_align=\u00a0\u00bbright\u00a0\u00bb btn_i_icon_fontawesome=\u00a0\u00bbfa fa-chevron-right\u00a0\u00bb btn_add_icon=\u00a0\u00bbtrue\u00a0\u00bb btn_button_block=\u00a0\u00bbtrue\u00a0\u00bb el_class=\u00a0\u00bbthird_bg_color\u00a0\u00bb css=\u00a0\u00bb.vc_custom_1592583143858{margin-bottom: 0px !important;}\u00a0\u00bb use_custom_fonts_h2=\u00a0\u00bbtrue\u00a0\u00bb btn_link=\u00a0\u00bburl:https%3A%2F%2Fwww.simorg-computing.fr%2F%3Fpage_id%3D11||\u00a0\u00bb][\/vc_cta][\/vc_column][\/vc_row]<\/p>\n","protected":false},"excerpt":{"rendered":"<p>[vc_row css=\u00a0\u00bb.vc_custom_1451991003825{margin-bottom: 100px !important;}\u00a0\u00bb][vc_column width=\u00a0\u00bb3\/4&Prime;][vc_column_text css=\u00a0\u00bb.vc_custom_1592326514467{margin-bottom: 52px !important;}\u00a0\u00bb] Comp\u00e9tences SIMORG Computing est sp\u00e9cialis\u00e9e dans le calcul scientifique\u00a0dans le domaine des sciences des mat\u00e9riaux.[\/vc_column_text][vc_tta_accordion shape=\u00a0\u00bbsquare\u00a0\u00bb c_position=\u00a0\u00bbright\u00a0\u00bb active_section=\u00a0\u00bb1&Prime; css=\u00a0\u00bb.vc_custom_1453467174989{margin-bottom: 60px !important;}\u00a0\u00bb][vc_tta_section title=\u00a0\u00bbQue peut SIMORG Computing ?\u00a0\u00bb tab_id=\u00a0\u00bb1452160548343-003e17f2-760d\u00a0\u00bb][vc_column_text] Nous d\u00e9veloppons et mettons en \u0153uvre des codes et des programmes de calcul scientifique. Nous d\u00e9veloppons des mod\u00e8les thermodynamiques, cin\u00e9tiques..<\/p>\n","protected":false},"author":1,"featured_media":0,"parent":0,"menu_order":0,"comment_status":"closed","ping_status":"closed","template":"","meta":{"footnotes":""},"class_list":["post-1491","page","type-page","status-publish","hentry"],"yoast_head":"<!-- This site is optimized with the Yoast SEO plugin v27.1.1 - https:\/\/yoast.com\/product\/yoast-seo-wordpress\/ -->\n<title>Nos comp\u00e9tences - SIMORG Computing<\/title>\n<meta name=\"robots\" content=\"index, follow, max-snippet:-1, max-image-preview:large, max-video-preview:-1\" \/>\n<link rel=\"canonical\" href=\"https:\/\/www.simorg-computing.fr\/?page_id=1491\" \/>\n<meta property=\"og:locale\" content=\"fr_FR\" \/>\n<meta property=\"og:type\" content=\"article\" \/>\n<meta property=\"og:title\" content=\"Nos comp\u00e9tences - SIMORG Computing\" \/>\n<meta property=\"og:description\" content=\"[vc_row css=\u00a0\u00bb.vc_custom_1451991003825{margin-bottom: 100px !important;}\u00a0\u00bb][vc_column width=\u00a0\u00bb3\/4&Prime;][vc_column_text css=\u00a0\u00bb.vc_custom_1592326514467{margin-bottom: 52px !important;}\u00a0\u00bb] Comp\u00e9tences SIMORG Computing est sp\u00e9cialis\u00e9e dans le calcul scientifique\u00a0dans le domaine des sciences des mat\u00e9riaux.[\/vc_column_text][vc_tta_accordion shape=\u00a0\u00bbsquare\u00a0\u00bb c_position=\u00a0\u00bbright\u00a0\u00bb active_section=\u00a0\u00bb1&Prime; css=\u00a0\u00bb.vc_custom_1453467174989{margin-bottom: 60px !important;}\u00a0\u00bb][vc_tta_section title=\u00a0\u00bbQue peut SIMORG Computing ?\u00a0\u00bb tab_id=\u00a0\u00bb1452160548343-003e17f2-760d\u00a0\u00bb][vc_column_text] Nous d\u00e9veloppons et mettons en \u0153uvre des codes et des programmes de calcul scientifique. Nous d\u00e9veloppons des mod\u00e8les thermodynamiques, cin\u00e9tiques..\" \/>\n<meta property=\"og:url\" content=\"https:\/\/www.simorg-computing.fr\/?page_id=1491\" \/>\n<meta property=\"og:site_name\" content=\"SIMORG Computing\" \/>\n<meta property=\"article:modified_time\" content=\"2020-06-23T20:15:09+00:00\" \/>\n<meta name=\"twitter:card\" content=\"summary_large_image\" \/>\n<meta name=\"twitter:label1\" content=\"Dur\u00e9e de lecture estim\u00e9e\" \/>\n\t<meta name=\"twitter:data1\" content=\"2 minutes\" \/>\n<script type=\"application\/ld+json\" class=\"yoast-schema-graph\">{\"@context\":\"https:\/\/schema.org\",\"@graph\":[{\"@type\":\"WebPage\",\"@id\":\"https:\/\/www.simorg-computing.fr\/?page_id=1491\",\"url\":\"https:\/\/www.simorg-computing.fr\/?page_id=1491\",\"name\":\"Nos comp\u00e9tences - SIMORG Computing\",\"isPartOf\":{\"@id\":\"https:\/\/www.simorg-computing.fr\/#website\"},\"datePublished\":\"2020-06-20T10:36:19+00:00\",\"dateModified\":\"2020-06-23T20:15:09+00:00\",\"breadcrumb\":{\"@id\":\"https:\/\/www.simorg-computing.fr\/?page_id=1491#breadcrumb\"},\"inLanguage\":\"fr-FR\",\"potentialAction\":[{\"@type\":\"ReadAction\",\"target\":[\"https:\/\/www.simorg-computing.fr\/?page_id=1491\"]}]},{\"@type\":\"BreadcrumbList\",\"@id\":\"https:\/\/www.simorg-computing.fr\/?page_id=1491#breadcrumb\",\"itemListElement\":[{\"@type\":\"ListItem\",\"position\":1,\"name\":\"Accueil\",\"item\":\"https:\/\/www.simorg-computing.fr\/\"},{\"@type\":\"ListItem\",\"position\":2,\"name\":\"Nos comp\u00e9tences\"}]},{\"@type\":\"WebSite\",\"@id\":\"https:\/\/www.simorg-computing.fr\/#website\",\"url\":\"https:\/\/www.simorg-computing.fr\/\",\"name\":\"SIMORG Computing\",\"description\":\"Voir au-del\u00e0 de l&#039;horizon\",\"potentialAction\":[{\"@type\":\"SearchAction\",\"target\":{\"@type\":\"EntryPoint\",\"urlTemplate\":\"https:\/\/www.simorg-computing.fr\/?s={search_term_string}\"},\"query-input\":{\"@type\":\"PropertyValueSpecification\",\"valueRequired\":true,\"valueName\":\"search_term_string\"}}],\"inLanguage\":\"fr-FR\"}]}<\/script>\n<!-- \/ Yoast SEO plugin. -->","yoast_head_json":{"title":"Nos comp\u00e9tences - SIMORG Computing","robots":{"index":"index","follow":"follow","max-snippet":"max-snippet:-1","max-image-preview":"max-image-preview:large","max-video-preview":"max-video-preview:-1"},"canonical":"https:\/\/www.simorg-computing.fr\/?page_id=1491","og_locale":"fr_FR","og_type":"article","og_title":"Nos comp\u00e9tences - SIMORG Computing","og_description":"[vc_row css=\u00a0\u00bb.vc_custom_1451991003825{margin-bottom: 100px !important;}\u00a0\u00bb][vc_column width=\u00a0\u00bb3\/4&Prime;][vc_column_text css=\u00a0\u00bb.vc_custom_1592326514467{margin-bottom: 52px !important;}\u00a0\u00bb] Comp\u00e9tences SIMORG Computing est sp\u00e9cialis\u00e9e dans le calcul scientifique\u00a0dans le domaine des sciences des mat\u00e9riaux.[\/vc_column_text][vc_tta_accordion shape=\u00a0\u00bbsquare\u00a0\u00bb c_position=\u00a0\u00bbright\u00a0\u00bb active_section=\u00a0\u00bb1&Prime; css=\u00a0\u00bb.vc_custom_1453467174989{margin-bottom: 60px !important;}\u00a0\u00bb][vc_tta_section title=\u00a0\u00bbQue peut SIMORG Computing ?\u00a0\u00bb tab_id=\u00a0\u00bb1452160548343-003e17f2-760d\u00a0\u00bb][vc_column_text] Nous d\u00e9veloppons et mettons en \u0153uvre des codes et des programmes de calcul scientifique. Nous d\u00e9veloppons des mod\u00e8les thermodynamiques, cin\u00e9tiques..","og_url":"https:\/\/www.simorg-computing.fr\/?page_id=1491","og_site_name":"SIMORG Computing","article_modified_time":"2020-06-23T20:15:09+00:00","twitter_card":"summary_large_image","twitter_misc":{"Dur\u00e9e de lecture estim\u00e9e":"2 minutes"},"schema":{"@context":"https:\/\/schema.org","@graph":[{"@type":"WebPage","@id":"https:\/\/www.simorg-computing.fr\/?page_id=1491","url":"https:\/\/www.simorg-computing.fr\/?page_id=1491","name":"Nos comp\u00e9tences - SIMORG Computing","isPartOf":{"@id":"https:\/\/www.simorg-computing.fr\/#website"},"datePublished":"2020-06-20T10:36:19+00:00","dateModified":"2020-06-23T20:15:09+00:00","breadcrumb":{"@id":"https:\/\/www.simorg-computing.fr\/?page_id=1491#breadcrumb"},"inLanguage":"fr-FR","potentialAction":[{"@type":"ReadAction","target":["https:\/\/www.simorg-computing.fr\/?page_id=1491"]}]},{"@type":"BreadcrumbList","@id":"https:\/\/www.simorg-computing.fr\/?page_id=1491#breadcrumb","itemListElement":[{"@type":"ListItem","position":1,"name":"Accueil","item":"https:\/\/www.simorg-computing.fr\/"},{"@type":"ListItem","position":2,"name":"Nos comp\u00e9tences"}]},{"@type":"WebSite","@id":"https:\/\/www.simorg-computing.fr\/#website","url":"https:\/\/www.simorg-computing.fr\/","name":"SIMORG Computing","description":"Voir au-del\u00e0 de l&#039;horizon","potentialAction":[{"@type":"SearchAction","target":{"@type":"EntryPoint","urlTemplate":"https:\/\/www.simorg-computing.fr\/?s={search_term_string}"},"query-input":{"@type":"PropertyValueSpecification","valueRequired":true,"valueName":"search_term_string"}}],"inLanguage":"fr-FR"}]}},"_links":{"self":[{"href":"https:\/\/www.simorg-computing.fr\/index.php?rest_route=\/wp\/v2\/pages\/1491","targetHints":{"allow":["GET"]}}],"collection":[{"href":"https:\/\/www.simorg-computing.fr\/index.php?rest_route=\/wp\/v2\/pages"}],"about":[{"href":"https:\/\/www.simorg-computing.fr\/index.php?rest_route=\/wp\/v2\/types\/page"}],"author":[{"embeddable":true,"href":"https:\/\/www.simorg-computing.fr\/index.php?rest_route=\/wp\/v2\/users\/1"}],"replies":[{"embeddable":true,"href":"https:\/\/www.simorg-computing.fr\/index.php?rest_route=%2Fwp%2Fv2%2Fcomments&post=1491"}],"version-history":[{"count":2,"href":"https:\/\/www.simorg-computing.fr\/index.php?rest_route=\/wp\/v2\/pages\/1491\/revisions"}],"predecessor-version":[{"id":1531,"href":"https:\/\/www.simorg-computing.fr\/index.php?rest_route=\/wp\/v2\/pages\/1491\/revisions\/1531"}],"wp:attachment":[{"href":"https:\/\/www.simorg-computing.fr\/index.php?rest_route=%2Fwp%2Fv2%2Fmedia&parent=1491"}],"curies":[{"name":"wp","href":"https:\/\/api.w.org\/{rel}","templated":true}]}}